 Calculate the highest common divisor of 95 and k.
19
Suppose -13*y - 41 = -145. What is the highest common divisor of y and 2?
2
Let d = -71 + 102. Suppose 2*n + 5*w - 511 = 0, -4*n + 4*w + 511 = -469. Calculate the greatest common divisor of n and d.
31
Let q = 194 - 192. Suppose -d + 6*d - 65 = -5*f, 3*d - f - 47 = 0. Suppose 5*m + d = 0, 4*o - 3*o - 5*m = 23. Calculate the highest common factor of q and o.
2
Let z = -1647 + 1834. Calculate the highest common divisor of 17 and z.
17
Let y(u) = 4*u + 222. Let c be y(-39). What is the highest common divisor of 22 and c?
22
Let c be 9/(-3) + (-2 - -43 - -4). Let a = c + 68. Calculate the highest common divisor of 22 and a.
22
Suppose 9*l - 5*l - 578 = -2*o, 4*o = 3*l + 1200. Calculate the highest common factor of o and 22.
11
Let b(m) = -2*m + 24. Let u be b(8). Let n(h) = 3*h**2 - 13*h + 4. Let p be n(u). What is the greatest common divisor of p and 4?
4
Suppose g = 37 + 56. Let m = g + -88. Calculate the highest common divisor of 5 and m.
5
Let u(h) = -67*h - 104. Let d be u(-5). What is the greatest common factor of d and 21?
21
Suppose -1381 + 185 = -23*w. Calculate the greatest common factor of w and 91.
13
Let m(p) = -p**3 - 2*p + 22. Let s be m(0). Suppose 38 = 6*q - s. Suppose t + 0*t = 2. What is the highest common divisor of t and q?
2
Let p(o) = -2*o - 12. Let j be (-4)/16 + (-20)/(-16). Let r be j/(((-1)/17)/1). Let f be p(r). What is the greatest common divisor of 55 and f?
11
Let w be 315/(-42)*-1*4/5. Let p be w*(-1)/4*-2*6. Let c be (-9 - 0)/((-2)/10). What is the highest common divisor of p and c?
9
Suppose -2*y = 75 - 23. Let a = y + 80. Calculate the greatest common divisor of a and 27.
27
Let i be (-2)/((-5)/90*1). Suppose 2*y - 772 = 4*q, -4*q + 29 = 9. What is the highest common divisor of i and y?
36
Let u = 676 + -667. What is the greatest common divisor of 9 and u?
9
Suppose 6*f - 1215 = f. Let k = f - 119. Calculate the greatest common divisor of k and 31.
31
Let h be 2/10*-1*-5. Let f be (132 - -1) + -4 + h. Suppose 0 = -4*s - s + f. Calculate the greatest common factor of 234 and s.
26
Let c = -3 + 4. Let i be (3 - c)/((-3)/(-66)). What is the greatest common divisor of 154 and i?
22
Let a(o) = 3*o**2 + 25*o - 88. Let d be a(-12). Let l be 2/(-4)*-1*8. Calculate the highest common divisor of d and l.
4
Let i(b) = -2*b**2 + 23*b - 2. Let n be i(3). Calculate the highest common divisor of n and 2352.
49
Let q(m) = m + 13. Let j be q(-10). Suppose 0 = 2*u - 2, 5*u - 34 + 5 = -j*o. Let l be o/6*9/6. What is the highest common divisor of 14 and l?
2
Suppose 34*q - 1440 = 10*q. What is the highest common factor of 48 and q?
12
Let m(x) = 2*x**3 - 3*x**2 + 3*x - 4. Let z be m(3). Let o = -2721 - -2745. What is the greatest common factor of z and o?
8
Suppose -t = 3*m - 566, 15 = m + 2*m. Calculate the greatest common divisor of t and 29.
29
Suppose 0 = 28*q - 341 - 835. What is the greatest common divisor of q and 21?
21
Suppose 4*t + 8 = 0, -4*t + 6*t = 4*c - 100. What is the greatest common factor of c and 96?
24
Let t(x) = x**3 + 5*x**2 + x + 7. Let s be t(-5). Suppose -5*g = -4*b, 36 - 65 = -g - 5*b. What is the highest common divisor of g and s?
2
Let f be -57*(68/12 + -4 - 6). Calculate the greatest common factor of 76 and f.
19
Let a(y) = -2*y + 2. Let w be a(0). Let z(k) = 32*k + 1. Let m be z(w). Let q be ((-69)/(-5))/(13/m). What is the highest common factor of q and 46?
23
Let i = -10 + 10. Let f be -14 - (-4)/16*i. Let l be (-784)/f*(-2)/(-4). Calculate the highest common divisor of 14 and l.
14
Suppose -6*j + 140 = -16. Calculate the greatest common divisor of j and 442.
26
Let h(r) = r**2 + 4*r - 41. Let s be h(6). Let f be (3 + -41)/(6/(-9)). Calculate the highest common factor of s and f.
19
Let z(l) = l**3 - 10*l**2 + 10*l - 1. Let f be z(8). Let r be (-2*1)/(7/f). What is the greatest common divisor of r and 42?
14
Let p(q) = 3*q**2 + 3*q - 14. Let g = 23 + -31. Let j be p(g). What is the highest common divisor of 14 and j?
14
Let v be (9/(-6) + 1)*-252. Let d(p) = -4*p**2 + 37*p - 64. Let h be d(6). What is the greatest common divisor of h and v?
14
Suppose -4*r + 0*r + 1362 = 2*q, -4*r + 1397 = -5*q. Calculate the highest common factor of 49 and r.
49
Let c be -1 + 4*1/((-8)/(-12)). Let r be (-793)/(-6) - 3/90*c. What is the highest common factor of r and 12?
12
Suppose 14*x - 7*x = 434. What is the greatest common factor of 496 and x?
62
Let c(o) = 3*o**2 - 5*o - 3. Let n be c(4). Let r = -22 + n. Suppose -r*i + i + 8 = 0. What is the greatest common factor of 16 and i?
4
Let c = 138 + -75. Suppose -3 = -4*u - k, 2*u + 8*k - 5*k = -11. Suppose 38 = 2*y + 5*s, u + 15 = y + 2*s. What is the highest common divisor of y and c?
9
Let o(x) = -x**3 + 11*x**2 + 3*x + 6. Let p be o(11). Let q = 9 - -17. What is the highest common factor of q and p?
13
Let s(d) = d**3 - 3*d**2 - d - 5. Let z = -19 + 31. Let h = -8 + z. Let j be s(h). Calculate the highest common divisor of 28 and j.
7
Let c = -21 + 45. Let r be c/(-7)*91/(-26). Calculate the highest common factor of 108 and r.
12
Let d = 34 + -32. Suppose 2*x + 18 = -d*f + 4*f, 1 = x. What is the highest common divisor of f and 2?
2
Let s(u) = -u**2 - 20*u - 55. Let q be s(-11). Let v = 10 - 6. Suppose -y + 2 = 0, -3*w + y - v*y + 18 = 0. What is the highest common divisor of w and q?
4
Suppose 303 = 2*n + v, -n - 49 + 218 = 4*v. Let t be (-4)/(-8)*-10 + n. What is the greatest common divisor of 96 and t?
48
Let l = 410 + -386. Let a(h) = -h**3 - 8*h**2 - 9*h + 10. Let d be a(-7). Let z = d - 8. What is the highest common divisor of z and l?
8
Let b be (3 - 11/3)*-48. Let l = -241 - -465. Calculate the highest common divisor of l and b.
32
Let n = 10 - 8. Suppose -n*v - 3*j + 69 = 0, v + 95 = 4*v - 4*j. Suppose 4*w - 13 = -c + 2*w, -w - 4 = -3*c. Calculate the greatest common divisor of c and v.
3
Let s = 265 - 258. Let n be (-3 - (-1 - 12)) + -3. Calculate the highest common factor of s and n.
7
Suppose -5*s + 44 = 10*v - 13*v, 3*s + 5*v = 40. Calculate the highest common divisor of 3890 and s.
10
Let t be (-692)/28*-17 - 2/14. What is the greatest common divisor of 120 and t?
60
Suppose -2*b - 3*m = -33, 25 = 2*b - 5*m - 0*m. Let i be ((-5)/b)/(2/(-42)). Let c = -33 - -96. Calculate the highest common divisor of c and i.
7
Suppose 509 + 52 = 11*g. Let o = 3 + g. Let h = 85 + -49. Calculate the highest common divisor of h and o.
18
Let l(i) = 2*i**3 - 4*i**2 + 2*i. Let k = 2 - 5. Let x be k/2 - (-84)/24. Let z be l(x). Calculate the highest common divisor of 4 and z.
4
Suppose -2*h + 3*i + 47 = 6*i, -2*h + 2*i = -42. What is the highest common divisor of h and 2?
2
Let n = 339 + -337. What is the highest common factor of n and 10?
2
Let h(x) = -2*x + 4. Let k(o) = 3*o - 3. Let r(n) = 4*h(n) + 3*k(n). Let g be r(-5). What is the greatest common factor of g and 8?
2
Suppose 0 = 12*w + 12*w - 6*w - 918. Let p be 34/4*(1 + 1). Calculate the greatest common divisor of w and p.
17
Let a be 8/(-2 + 4) + 11. Let w be 190/a - (-1)/3. Suppose i - 14 = w. What is the greatest common divisor of i and 9?
9
Let v(s) = 35*s - 15*s + 1 - 9*s. Let j be v(3). What is the greatest common divisor of j and 102?
34
Suppose 3*j + 3*t = t + 817, 4*t + 277 = j. What is the highest common divisor of j and 117?
39
Suppose 0 = i - 49 - 55. Let h = 196 + -132. Let z = i - h. What is the highest common divisor of z and 16?
8
Let f = -300 - -586. Calculate the greatest common factor of f and 26.
26
Let z = 52 - 24. Let i(v) = -v**3 - 6*v**2 + 10*v + 1. Let t be i(-7). Let w = t - -48. What is the highest common divisor of z and w?
28
Let i(b) be the first derivative of b**3/3 + 5*b**2/2 + 2*b + 2. Let j be i(-4). Let m be (-14)/j*(-16)/(-2). Calculate the highest common divisor of m and 14.
14
Let x be 12*(-7)/112*-12. Calculate the highest common divisor of 99 and x.
9
Let o(j) = 46*j - 82. Let u be o(4). What is the greatest common divisor of 255 and u?
51
Let d be (2 + (3 - 6))/(-1). Suppose -d = -3*b + 32. Suppose 0 = -4*z + 4*f + 152, -4*z - 30 = 5*f - 137. What is the highest common divisor of z and b?
11
Let o = -401 - -168. Let u = o - -431. Calculate the highest common divisor of u and 22.
22
Suppose 4*x = 1 + 15. Let u be x/6 